{"id":23048,"date":"2023-07-09T11:14:18","date_gmt":"2023-07-09T09:14:18","guid":{"rendered":"https:\/\/cilisupport.com\/impresszum\/"},"modified":"2024-11-30T10:16:17","modified_gmt":"2024-11-30T09:16:17","slug":"impresszum","status":"publish","type":"page","link":"https:\/\/goldenwavesupport.info\/hu\/cilihome\/impresszum\/","title":{"rendered":"Impresszum"},"content":{"rendered":"<div class=\"cog-row\">\n<div class=\"cog-col cog-col--24\">\n<div class=\"cog-content cog-html cog-input\">\n<h3><span class=\"ez-toc-section\" id=\"Kapcsolattartasi-cim\"><\/span>Kapcsolattart\u00e1si c\u00edm<span class=\"ez-toc-section-end\"><\/span><\/h3>\n<p>Golden Wave Int. Irchelstrasse 24 8172 Niederglatt<\/p>\n<p align=\"left\"><strong>e-mail:<\/strong><br \/>\n<a href=\"https:\/\/goldenwavesupport.info\/hu\/kapcsolatfelvetel\/\">Kapcsolatfelv\u00e9teli \u0171rlap<\/a><\/p>\n<h3><span class=\"ez-toc-section\" id=\"Kereskedelmi-nyilvantartas\"><\/span><span class=\"ff2 fc0 fs10 \">Kereskedelmi nyilv\u00e1ntart\u00e1s<br \/>\n<\/span><span class=\"ez-toc-section-end\"><\/span><\/h3>\n<p><span class=\"ff2 fc0 fs10 \">Golden Wave Int. <\/span><span class=\"ff2 fc0 fs10 \"><br \/>\na CH-020.1.054.563-2 kereskedelmi nyilv\u00e1ntart\u00e1sban szerepel.<br \/>\n<\/span><\/p>\n<h3><span class=\"ez-toc-section\" id=\"A-tartalomert-felelos\"><\/span><strong>A tartalom\u00e9rt felel\u0151s:<\/strong><span class=\"ez-toc-section-end\"><\/span><\/h3>\n<p align=\"left\">T<strong>artalom:<\/strong> Golden Wave Int.<\/p>\n<p align=\"left\">W<strong>eb design:<\/strong> WIBSS Informatik Sulke<\/p>\n<p align=\"left\">T<strong>echnikai adminisztr\u00e1tor:<\/strong> WIBSS Informatik Sulke<\/p>\n<p align=\"left\"><strong><br \/>\nF\u00e9nyk\u00e9pek:<\/strong>Fotolia \/ szabad licenc \/ Golden Wave Int.<strong><a href=\"https:\/\/www.fotolia.com\/\"><br \/>\n<\/a><\/strong><\/p>\n<p>&nbsp;<\/p>\n<h3><span class=\"ez-toc-section\" id=\"Felelossegi-nyilatkozat\"><\/span>Felel\u0151ss\u00e9gi nyilatkozat<span class=\"ez-toc-section-end\"><\/span><\/h3>\n<p>A szerz\u0151 nem v\u00e1llal felel\u0151ss\u00e9get a k\u00f6z\u00f6lt inform\u00e1ci\u00f3k helyess\u00e9g\u00e9\u00e9rt, pontoss\u00e1g\u00e1\u00e9rt, aktualit\u00e1s\u00e1\u00e9rt, megb\u00edzhat\u00f3s\u00e1g\u00e1\u00e9rt \u00e9s teljess\u00e9g\u00e9\u00e9rt. A szerz\u0151vel szemben a k\u00f6zz\u00e9tett inform\u00e1ci\u00f3khoz val\u00f3 hozz\u00e1f\u00e9r\u00e9sb\u0151l, illetve azok haszn\u00e1lat\u00e1b\u00f3l vagy nem haszn\u00e1lat\u00e1b\u00f3l, a kapcsolat helytelen haszn\u00e1lat\u00e1b\u00f3l vagy m\u0171szaki hib\u00e1kb\u00f3l ered\u0151 vagyoni vagy nem vagyoni jelleg\u0171 k\u00e1rok\u00e9rt val\u00f3 felel\u0151ss\u00e9gre von\u00e1s kiz\u00e1rt. Minden aj\u00e1nlat nem k\u00f6telez\u0151 \u00e9rv\u00e9ny\u0171. A szerz\u0151 kifejezetten fenntartja mag\u00e1nak a jogot, hogy az oldalak egyes r\u00e9szeit vagy a teljes aj\u00e1nlatot el\u0151zetes \u00e9rtes\u00edt\u00e9s n\u00e9lk\u00fcl megv\u00e1ltoztassa, kieg\u00e9sz\u00edtse vagy t\u00f6r\u00f6lje, illetve a k\u00f6zz\u00e9t\u00e9telt ideiglenesen vagy v\u00e9glegesen megsz\u00fcntesse.<\/p>\n<h3><span class=\"ez-toc-section\" id=\"Felelosseg-a-linkekert\"><\/span>Felel\u0151ss\u00e9g a linkek\u00e9rt<span class=\"ez-toc-section-end\"><\/span><\/h3>\n<p>A harmadik felek weboldalaira mutat\u00f3 hivatkoz\u00e1sok \u00e9s linkek nem tartoznak a mi felel\u0151ss\u00e9gi k\u00f6r\u00fcnkbe. Nem v\u00e1llalunk felel\u0151ss\u00e9get az ilyen weboldalak\u00e9rt. Az ilyen weboldalakhoz val\u00f3 hozz\u00e1f\u00e9r\u00e9s \u00e9s azok haszn\u00e1lata a felhaszn\u00e1l\u00f3 saj\u00e1t felel\u0151ss\u00e9g\u00e9re t\u00f6rt\u00e9nik.<\/p>\n<h3><span class=\"ez-toc-section\" id=\"Szerzoi-jogok\"><\/span>Szerz\u0151i jogok<span class=\"ez-toc-section-end\"><\/span><\/h3>\n<p>A weboldalon tal\u00e1lhat\u00f3 tartalmak, k\u00e9pek, fot\u00f3k \u00e9s egy\u00e9b f\u00e1jlok szerz\u0151i joga \u00e9s minden egy\u00e9b jog kiz\u00e1r\u00f3lag <strong>a Golden Wave Int.<\/strong> vagy a k\u00fcl\u00f6n megnevezett jogtulajdonosok tulajdon\u00e1t k\u00e9pezi. B\u00e1rmely elem reproduk\u00e1l\u00e1s\u00e1hoz el\u0151zetesen be kell szerezni a szerz\u0151i jog jogosultj\u00e1nak \u00edr\u00e1sbeli hozz\u00e1j\u00e1rul\u00e1s\u00e1t.<\/p>\n<\/div>\n<\/div>\n<\/div>\n<p>[gzd_complaints]<\/p>\n","protected":false},"excerpt":{"rendered":"<p>Kapcsolattart\u00e1si c\u00edm Golden Wave Int. Irchelstrasse 24 8172 Niederglatt e-mail: Kapcsolatfelv\u00e9teli \u0171rlap Kereskedelmi nyilv\u00e1ntart\u00e1s Golden Wave Int. a CH-020.1.054.563-2 kereskedelmi nyilv\u00e1ntart\u00e1sban szerepel. A tartalom\u00e9rt felel\u0151s: Tartalom: Golden Wave Int. Web&hellip; <br \/> <a class=\"button small blue\" href=\"https:\/\/goldenwavesupport.info\/hu\/cilihome\/impresszum\/\">B\u0151vebben<\/a><\/p>\n","protected":false},"author":393,"featured_media":0,"parent":23052,"menu_order":0,"comment_status":"closed","ping_status":"closed","template":"","meta":{"footnotes":""},"class_list":["post-23048","page","type-page","status-publish","hentry"],"_links":{"self":[{"href":"https:\/\/goldenwavesupport.info\/hu\/wp-json\/wp\/v2\/pages\/23048","targetHints":{"allow":["GET"]}}],"collection":[{"href":"https:\/\/goldenwavesupport.info\/hu\/wp-json\/wp\/v2\/pages"}],"about":[{"href":"https:\/\/goldenwavesupport.info\/hu\/wp-json\/wp\/v2\/types\/page"}],"author":[{"embeddable":true,"href":"https:\/\/goldenwavesupport.info\/hu\/wp-json\/wp\/v2\/users\/393"}],"replies":[{"embeddable":true,"href":"https:\/\/goldenwavesupport.info\/hu\/wp-json\/wp\/v2\/comments?post=23048"}],"version-history":[{"count":0,"href":"https:\/\/goldenwavesupport.info\/hu\/wp-json\/wp\/v2\/pages\/23048\/revisions"}],"up":[{"embeddable":true,"href":"https:\/\/goldenwavesupport.info\/hu\/wp-json\/wp\/v2\/pages\/23052"}],"wp:attachment":[{"href":"https:\/\/goldenwavesupport.info\/hu\/wp-json\/wp\/v2\/media?parent=23048"}],"curies":[{"name":"wp","href":"https:\/\/api.w.org\/{rel}","templated":true}]}}

<div class="cog-row">
<div class="cog-col cog-col--24">
<div class="cog-content cog-html cog-input">
<h3><span class="ez-toc-section" id="Kapcsolattartasi-cim"></span>Kapcsolattartási cím<span class="ez-toc-section-end"></span></h3>
<p>Golden Wave Int. Irchelstrasse 24 8172 Niederglatt</p>
<p align="left"><strong>e-mail:</strong><br />
<a href="https://goldenwavesupport.info/hu/kapcsolatfelvetel/">Kapcsolatfelvételi űrlap</a></p>
<h3><span class="ez-toc-section" id="Kereskedelmi-nyilvantartas"></span><span class="ff2 fc0 fs10 ">Kereskedelmi nyilvántartás<br />
</span><span class="ez-toc-section-end"></span></h3>
<p><span class="ff2 fc0 fs10 ">Golden Wave Int. </span><span class="ff2 fc0 fs10 "><br />
a CH-020.1.054.563-2 kereskedelmi nyilvántartásban szerepel.<br />
</span></p>
<h3><span class="ez-toc-section" id="A-tartalomert-felelos"></span><strong>A tartalomért felelős:</strong><span class="ez-toc-section-end"></span></h3>
<p align="left">T<strong>artalom:</strong> Golden Wave Int.</p>
<p align="left">W<strong>eb design:</strong> WIBSS Informatik Sulke</p>
<p align="left">T<strong>echnikai adminisztrátor:</strong> WIBSS Informatik Sulke</p>
<p align="left"><strong><br />
Fényképek:</strong>Fotolia / szabad licenc / Golden Wave Int.<strong><a href="https://www.fotolia.com/"><br />
</a></strong></p>
<p>&nbsp;</p>
<h3><span class="ez-toc-section" id="Felelossegi-nyilatkozat"></span>Felelősségi nyilatkozat<span class="ez-toc-section-end"></span></h3>
<p>A szerző nem vállal felelősséget a közölt információk helyességéért, pontosságáért, aktualitásáért, megbízhatóságáért és teljességéért. A szerzővel szemben a közzétett információkhoz való hozzáférésből, illetve azok használatából vagy nem használatából, a kapcsolat helytelen használatából vagy műszaki hibákból eredő vagyoni vagy nem vagyoni jellegű károkért való felelősségre vonás kizárt. Minden ajánlat nem kötelező érvényű. A szerző kifejezetten fenntartja magának a jogot, hogy az oldalak egyes részeit vagy a teljes ajánlatot előzetes értesítés nélkül megváltoztassa, kiegészítse vagy törölje, illetve a közzétételt ideiglenesen vagy véglegesen megszüntesse.</p>
<h3><span class="ez-toc-section" id="Felelosseg-a-linkekert"></span>Felelősség a linkekért<span class="ez-toc-section-end"></span></h3>
<p>A harmadik felek weboldalaira mutató hivatkozások és linkek nem tartoznak a mi felelősségi körünkbe. Nem vállalunk felelősséget az ilyen weboldalakért. Az ilyen weboldalakhoz való hozzáférés és azok használata a felhasználó saját felelősségére történik.</p>
<h3><span class="ez-toc-section" id="Szerzoi-jogok"></span>Szerzői jogok<span class="ez-toc-section-end"></span></h3>
<p>A weboldalon található tartalmak, képek, fotók és egyéb fájlok szerzői joga és minden egyéb jog kizárólag <strong>a Golden Wave Int.</strong> vagy a külön megnevezett jogtulajdonosok tulajdonát képezi. Bármely elem reprodukálásához előzetesen be kell szerezni a szerzői jog jogosultjának írásbeli hozzájárulását.</p>
</div>
</div>
</div>
<p>[gzd_complaints]</p>

<p>Kapcsolattartási cím Golden Wave Int. Irchelstrasse 24 8172 Niederglatt e-mail: Kapcsolatfelvételi űrlap Kereskedelmi nyilvántartás Golden Wave Int. a CH-020.1.054.563-2 kereskedelmi nyilvántartásban szerepel. A tartalomért felelős: Tartalom: Golden Wave Int. Web&hellip; <br /> <a class="button small blue" href="https://goldenwavesupport.info/hu/cilihome/impresszum/">Bővebben</a></p>
